 divisor of a and x.
12
Let s(y) = 4*y - 11. Suppose 0 = -q - 2*q + 12. Suppose -2*z - 26 = -5*u - 9, -q*z = -5*u + 9. Let r be s(u). Calculate the highest common divisor of r and 81.
9
Let h(r) = r + 2. Let k be h(1). Suppose -2*g = -2*l - 6*g + 70, k*l = -3*g + 102. What is the greatest common divisor of 22 and l?
11
Let i(d) = d**3 - 16*d**2 + 44*d - 128. Let v be i(16). What is the greatest common factor of v and 36?
36
Suppose 126 + 252 = 7*v. Suppose -6*s = -426 + v. Suppose -8*o = -10*o + 186. Calculate the greatest common factor of s and o.
31
Let w = 42 - 90. Let a be (-2)/4 - 696/w. What is the greatest common divisor of a and 56?
14
Let w = 115 - 17. Suppose -4*s = -4*u - 10 - 50, s - 17 = 3*u. What is the highest common divisor of s and w?
14
Let v(h) = -h**2 - 8*h + 30. Let z = -42 - -32. Let w be v(z). Calculate the highest common factor of w and 20.
10
Let f be 2/5 - (88/5)/(-1). Let h(v) = -v**2 - v + 1. Let c be h(-4). Let g = c + f. Calculate the greatest common divisor of g and 7.
7
Let r be (-2)/10 + 462/10 + -1. What is the highest common divisor of r and 21?
3
Suppose -6*z + 271 + 845 = 0. What is the greatest common divisor of 6 and z?
6
Suppose -100*j = -98*j + 2*v - 80, 120 = 3*j - 4*v. Let r(b) = 9*b + 3. Let c be r(3). Calculate the greatest common factor of c and j.
10
Suppose 198 = -3*c + z + 1499, 25 = -5*z. Calculate the highest common factor of 54 and c.
54
Let h(j) = j**2 + 1 + 38*j**3 - 3*j**2 - 55*j**3. Let p be h(-1). Calculate the highest common divisor of p and 32.
16
Let y(s) = 6*s - 40. Let k be y(11). Suppose 11*f - k = 9*f. Calculate the greatest common factor of f and 52.
13
Let g(z) = 5*z - 3 - 2*z + 18*z**2 + z. Let d be 8/3 - (-4)/(-6). Let t be g(d). What is the greatest common factor of t and 11?
11
Let o = 682 - 385. What is the highest common divisor of 33 and o?
33
Let x(i) = i**3 - 6*i**2 + 10*i + 9. Let q be x(4). What is the greatest common factor of 17 and q?
17
Let m = 1346 + -618. What is the highest common factor of m and 52?
52
Suppose -2*i + 0 + 10 = 0. Suppose i*j = 2*j - 51. Let a = 19 - j. Calculate the highest common divisor of 4 and a.
4
Suppose 4*d + 3*k - 295 = -24, -246 = -4*d + 2*k. What is the highest common factor of d and 144?
16
Suppose -4*x + 5*a = -77, 19 = -4*x - 2*a + 89. Calculate the greatest common factor of 171 and x.
9
Suppose -429 = -10*r + 811. Suppose -b - 5*s + 26 = 0, 4*b + 5*s = -22 + 141. What is the highest common divisor of b and r?
31
Let f be (-191)/4 - (-2)/(-8). Let x = -596 + 575. Let k = x - f. Calculate the greatest common factor of k and 18.
9
Suppose -5*i - 184 = -5*s + 221, 150 = 2*s + 4*i. What is the highest common factor of 474 and s?
79
Let s(l) = l**2 - 12*l + 1. Let p be s(16). Let h = p - 29. Calculate the highest common factor of 24 and h.
12
Let m be 46/4 - 1/(-2). Let p(s) = 2*s**2 + 3*s - 2. Let u(f) = -3*f - 28. Let v be u(-10). Let o be p(v). Calculate the greatest common divisor of m and o.
12
Suppose 3*c = 3*a + 3, -c = 27*a - 29*a + 3. What is the greatest common divisor of 785 and c?
5
Suppose -235 = -2*i + b, -2*i - 4*b + 250 = -0*i. Calculate the greatest common divisor of i and 17.
17
Let s = -5 - -13. Let r = -371 + 379. What is the greatest common factor of s and r?
8
Let j be (18/10)/((-24)/(-160)). Let w be 39/j - (-1)/(-4). Suppose -a + 0*y = 2*y - 37, y = w*a - 76. Calculate the highest common factor of a and 18.
9
Let t(h) be the third derivative of h**6/120 + 2*h**5/15 + 13*h**4/24 + h**3 + h**2. Let c be t(-5). Calculate the highest common factor of 80 and c.
16
Let z = 282 - 251. Let i be (-2)/((-20)/(-775))*-2. What is the greatest common factor of z and i?
31
Suppose 36*o - 34*o - 2 = 0. Let h be (o - (-3)/(-2))*16/(-4). Calculate the greatest common divisor of h and 16.
2
Suppose -5*t + 2178 = 428. What is the greatest common divisor of 50 and t?
50
Let c(m) = -m + 10. Let v be c(5). Let j be (0 - 2) + -1 + v. Let a be ((-42)/4)/(j/(-4)). Calculate the greatest common factor of a and 147.
21
Let s = 34 + -32. Let n(u) = -5 + u**2 - u**s - u**2 - 8*u + 15*u. Let x be n(5). Calculate the greatest common divisor of 5 and x.
5
Let g be 5 - 6 - -1061 - (2 + -2). Calculate the greatest common factor of 60 and g.
20
Suppose 3*u = 122 + 58. Let c(b) = 3*b + 31. Let g be c(-7). Calculate the highest common divisor of u and g.
10
Let j = -2333 - -2563. What is the greatest common divisor of 140 and j?
10
Let h(q) = 4*q + 5. Let i be h(-3). Let c be ((-14)/4)/i*26. Suppose 4 = 14*v - c*v. What is the greatest common factor of v and 36?
4
Suppose 5*j = -b + 6, 4*b + j - 46 = 3*j. Let y be (-7 - -126)*1 + (1 - -1). What is the greatest common factor of y and b?
11
Suppose -450 = -5*n - 2*l + 3*l, -4*n + l + 360 = 0. Calculate the greatest common factor of 63 and n.
9
Let a be (-18)/54 + (-3746)/(-6). Calculate the highest common divisor of a and 16.
16
Let z(t) = 2*t**3 - 9*t**2 - 5*t + 1. Let s be z(7). Let g = s - 107. Calculate the greatest common factor of 26 and g.
26
Suppose c - 92 = -3*o, 5*o + 180 = 2*c + 10*o. What is the greatest common divisor of 100 and c?
20
Let f(b) = -b**3 + 7*b**2 + 6*b - 8. Let k be f(6). Suppose 6*m = -14 + 62. What is the highest common divisor of k and m?
8
Suppose 0 = 3*c - 3*n - 94 - 509, c + 3*n = 189. What is the highest common divisor of c and 54?
18
Suppose 5*a = -26 - 24. Let g = 12 + a. Suppose -3*s - 3 = g*z, -3*s = -z + 18 - 6. Calculate the highest common divisor of 33 and z.
3
Suppose 1217 = 5*m + 447. Calculate the greatest common factor of m and 286.
22
Let f(v) = 7*v**3 + 34*v**2 + 9*v + 12. Let w be f(-4). What is the greatest common factor of 2 and w?
2
Suppose 0 = -3*p - 4*g + 176, 5*g + 49 + 53 = 2*p. Calculate the highest common factor of p and 126.
14
Let h(o) = -o**2 - o + 1. Let k be h(0). Let a = k - -27. Let g be -1 - -2 - (0 - 3). What is the greatest common factor of g and a?
4
Suppose -5*r + 32 = 7*a, -2*r - 4*a - 1 = -3*r. Calculate the highest common factor of 245 and r.
5
Suppose 0 = -8*m + 3*m + 65. Suppose -2*f = 5*q - 122, -5*q + 0*q + 126 = f. Calculate the highest common factor of q and m.
13
Suppose -4*l - 2*j = -490, -l = -4*j - 109 - 0. Calculate the highest common factor of 55 and l.
11
Suppose -a = 3*j - 19, j = a - 3 + 4. Let h(t) be the first derivative of -5*t**2/2 - 2. Let x be h(-8). Calculate the highest common divisor of x and j.
5
Let d = 110 - 171. Let y = 114 + d. Suppose w - y - 11 = 0. Calculate the highest common factor of w and 8.
8
Suppose 6*b + 30*b - 648 = 0. Calculate the greatest common divisor of b and 16.
2
Let u be 6 + -4 + 18/3. Let a(k) = -2*k**2 - 5*k - 2. Let z be a(-3). Let y = u + z. What is the greatest common divisor of y and 6?
3
Suppose -4*k - 31 = -2*x + 13, 2*x + 3*k - 58 = 0. What is the greatest common factor of 2 and x?
2
Let d be (4/10)/(4/(-40)). Let q be d/10 - (-539)/35. Calculate the highest common factor of 15 and q.
15
Let u = -52 - -48. Let y be ((-53)/5 - u/(-10))*-1. What is the greatest common factor of y and 11?
11
Suppose -12*a = 23*a - 70. Calculate the greatest common divisor of 144 and a.
2
Suppose 3*d = 7 + 11. Let g be (-2)/(3 + (-20)/d). Calculate the greatest common divisor of g and 42.
6
Let a be -3 + 0 - (-4 - 73). Let r = a - 70. What is the greatest common factor of 2 and r?
2
Let r(c) = -4*c + 2. Let f be r(11). Let v be (36/14)/(9/f). Let g = 37 + v. Calculate the highest common divisor of g and 10.
5
Suppose -5*b = 3*j + 2*j + 5, 5*j + b = 15. Let u be 13/52 - (-215)/j. What is the highest common divisor of u and 36?
18
Let a(l) be the second derivative of -2*l**3/3 + 13*l**2/2 - 32*l. Let j be a(-9). Calculate the highest common divisor of 14 and j.
7
Let z(w) = w**2 - 4*w + 3. Let x be z(5). Let c = x - 5. What is the greatest common factor of 2 and c?
1
Let h(d) = d**3 + 5*d**2 + d - 7. Let t(k) = -3*k + 15. Let s be t(4). Let v be h(s). What is the highest common factor of 85 and v?
17
Let x = 1 + 3. Suppose -x*n + 10 = n. Let m(l) = 3*l**2 + 1. Let k be m(n). What is the greatest common divisor of 52 and k?
13
Let f be ((-12)/14)/(-9 - (-22890)/2548). What is the highest common divisor of 1183 and f?
13
Let v(r) = r - 1. Let q be v(6). Suppose -1 = -4*s + 7. What is the great